. What is the remainder when r is divided by 25?
24
Suppose 17*h + 3879 + 10112 = 0. Let i = h + 830. What is the remainder when 70 is divided by i?
0
Suppose -2*q = q. Let k be ((-12)/(-8) - 2)*q. Suppose -4*n + h + 21 = 9, -n - 5*h + 24 = k. Calculate the remainder when n is divided by 2.
0
Let s = -21394 + 22854. What is the remainder when s is divided by 86?
84
Suppose -69 + 183 = y. Suppose 0 = -d + t + 112, -9*t = -7*t + 4. Suppose -4*p + 97 = -u, 0*p - u = 5*p - d. Calculate the remainder when y is divided by p.
22
Suppose -2*x = 12, -5*p - x + 1235 = -4989. Calculate the remainder when p is divided by 57.
49
Let r(w) = 2*w + 11. Let i be r(-7). Let n be (-1 - 2)/i - -3. Suppose -4*p = -3*z - 34, 4*p - 22 = p + n*z. Calculate the remainder when 24 is divided by p.
4
Let p be (54/4)/((-2)/(-4)). Let o = p + -30. What is the remainder when 106 is divided by (3 - o/(-2))/(2/16)?
10
What is the remainder when 309 is divided by (1 - 0) + (105 - (-5 - -12))?
12
Let c(w) = 0*w**2 - 265*w + 2*w**2 + 154*w + 149*w + 18. What is the remainder when 269 is divided by c(-19)?
17
Suppose 0 = 2*s + 5*w - 43 - 53, -4*w = -s + 61. Let d = -137 + 106. Let j = d - -58. What is the remainder when s is divided by j?
26
Suppose -8*q = -332 + 108. Let r = 1408 - 1302. Calculate the remainder when r is divided by q.
22
Let t = -12 - -16. Let q(c) = 195*c + 2343. Calculate the remainder when t is divided by q(-12).
1
Suppose 0 = -2*r, -3*k - 11 = -r - 146. What is the remainder when 88 is divided by k?
43
Let n be (0 + 0)/(-3) - -74. Suppose -1 = -t - 46. Let h = t + n. Calculate the remainder when h is divided by 10.
9
Let q(r) = -3*r**2 + 144*r + 59. Calculate the remainder when 3343 is divided by q(39).
7
Suppose 71 = -3*o - 3*g - 223, -4*o - g - 407 = 0. Let s = o - -100. Let y(r) = -2*r**3 - 4*r**2 - 4*r - 13. Calculate the remainder when 66 is divided by y(s).
15
Let y(a) = -5*a**3 + 3*a**2 - a + 2. Let p(s) = -6*s**3 + 3*s**2 - 2*s + 4. Let d(x) = -3*p(x) + 4*y(x). What is the remainder when 58 is divided by d(-2)?
18
Suppose 0 = -134*h + 132*h + 302. What is the remainder when 465 is divided by h?
12
Let k = 602 + -1028. Let g = -243 - k. What is the remainder when g is divided by 63?
57
Suppose -3*h = 3*l - 801, 141*h - 145*h = -4*l + 1028. What is the remainder when l is divided by 256?
6
Let q(b) = 42*b**3 + b - 1. Let u be q(1). Suppose -2*g = g + i - u, 3*g - 42 = 4*i. Calculate the remainder when 14 is divided by -5 + g + 3*-1.
2
Suppose -30 = -9*c + 4*c. Suppose -w - 50 = -2*r, -3*r - 4*w = -0*r - 64. What is the remainder when c/4*(-940)/(-30) is divided by r?
23
Suppose 0 = 21605*b - 21594*b - 1397. Calculate the remainder when b is divided by 94.
33
Let k(o) = -11*o**2 + 13*o**2 + 13*o + 17 - 46. Calculate the remainder when k(-13) is divided by 48.
44
Let i(x) = 3*x**2 - 6*x + 6. Let z be i(4). Suppose 24 + 6 = 15*a. Suppose a*t = -t + z. What is the remainder when 29 is divided by t?
9
Let q(r) = -r**2 - 3*r + 1. Let l = 11 + -27. Let f = 18 + l. Calculate the remainder when f is divided by q(0).
0
Suppose 2345*b - 6459 = 2314*b + 454. Let d(q) = q**3 - 3*q**2 - 10*q + 8. Calculate the remainder when b is divided by d(6).
55
Let k(n) = 90*n + 1958. Calculate the remainder when 329 is divided by k(-19).
81
Let o(d) = -2*d**3 + 3*d**2 + 3*d + 3. Let r = -101 - -98. Calculate the remainder when o(r) is divided by 276/15 + (-6)/(-10).
18
Suppose -46*b + 9095 + 253 = 1252. What is the remainder when 8623 is divided by b?
175
Let j(r) = 33*r - 2. Let i(m) = -3*m**3 + 3*m**2 + 11*m + 15. What is the remainder when i(-3) is divided by j(1)?
28
Suppose 2007*f = 2115*f - 83700. What is the remainder when f is divided by 7?
5
Calculate the remainder when (430752/(-1456))/((-10)/65) is divided by 192.
3
What is the remainder when 15246 is divided by (-1639)/(-33) + (-8)/(-6)?
48
Let d(j) = 386*j - 2673. Calculate the remainder when 2253 is divided by d(7).
20
Let h(p) = -2*p**3 + 24*p**2 - 44*p - 13. What is the remainder when h(8) is divided by 10?
7
Let c(u) = -u**3 - 116*u**2 - 3315*u + 110. What is the remainder when c(-65) is divided by 81?
29
Let a(p) = -17*p. Let v be a(-1). Suppose -3*s + b + v = 0, 5*b - 3 = -s + 4*b. Let j = 494 + -476. What is the remainder when j is divided by s?
3
Let w(g) = 32*g**2 + 38*g - 76. What is the remainder when w(4) is divided by 96?
12
Let a = 160 + -154. What is the remainder when 195 is divided by 2475/132*16/a?
45
Let j = 163 - 160. Suppose 2*z = -2*t + 6*t - 402, -104 = -t - j*z. Calculate the remainder when t is divided by 51.
50
Let n(s) = -2*s**3 + 17*s**2 + 10*s + 7. Let r be n(9). Let k = -34 - -69. What is the remainder when 7/28*r*139/4 is divided by k?
34
Suppose 89*a - 24 = 86*a. Suppose -28 = -b + a*s - 3*s, 0 = 3*b - 5*s - 54. What is the remainder when 64 is divided by b?
12
Calculate the remainder when -1618*6/(-12) - 2 is divided by 47.
8
Let v be (-21 + -3)/(69/(-46)). Suppose 2*u - v = -o, -o - 4*u + 28 = -6*u. What is the remainder when 66 is divided by o?
0
What is the remainder when ((-21)/14)/(171/(-698592)) is divided by 73?
69
Suppose -65*l + 71*l = 180. Suppose -l*d + 21*d + 747 = 0. Let g = 95 + -67. What is the remainder when d is divided by g?
27
Suppose 1374*h - 499960 - 332830 = 1339*h. Calculate the remainder when h is divided by 36.
34
Let a = -8586 - -8918. Calculate the remainder when a is divided by 33.
2
Let x = 5222 + -5189. Suppose 4*t + 174 = 7*t. Suppose -m = 5*b - t, 0 = -m + 4*b + 7 + x. What is the remainder when m is divided by 7?
6
Let q be (-3 - -5)*(-1220)/((-8)/2). Calculate the remainder when q/5 - (1 + 7) is divided by 24.
18
Let m = 9231 - 9214. Calculate the remainder when 196 is divided by m.
9
Let k be (-22)/(-8) - (7 + (-58)/8). Suppose -2*i - 155 = -k*o, -8*i + 29 = o - 3*i. Calculate the remainder when o is divided by 25.
24
Let j(q) = 2*q**3 - 2*q**2 - 79*q + 23. Calculate the remainder when 2606 is divided by j(7).
54
Let d = -6049 + 6438. What is the remainder when d is divided by 76?
9
Let g be 18/81 + 97/9. Let x = g + -11. Let p(c) = -c**3 + c**2 + 4. Calculate the remainder when 10 is divided by p(x).
2
Let y = 253 + -249. What is the remainder when 169 is divided by y/10 + 0 - (-186)/10?
17
Let o(a) = 35*a + 34. Let p(y) = -25*y**2 - y - 2. Let r be p(-1). Let t be o(r). Calculate the remainder when (-3*4/36)/(2/t) is divided by 21.
20
Suppose 0 = -123*x + 126*x - 12. Suppose 5*c + 3*r - 685 + 195 = 0, c - x*r = 121. Calculate the remainder when c is divided by 13.
10
Suppose 2970 = 30*s + 24*s. What is the remainder when 155 is divided by s?
45
Let i(a) = -2*a**3 - 7*a**2 + 5*a - 8. Let j be (-1)/(-7) - 2598/(-42). Let l = j - 68. Calculate the remainder when i(l) is divided by 13.
12
Suppose 2*n - 6 = 2*i, 4*i + 3*n = 5*n - 2. Suppose 0 = -3*g + 2*c + 367, i*g - 249 = -c - 2. What is the remainder when g is divided by 31?
30
Suppose -5*g + 14 + 166 = 0. Suppose -102 = -2*i - 2*j + 454, j = 5*i - 1426. What is the remainder when i is divided by g?
32
Suppose -v = -t - 128, v - 3*t = 134 - 0. Calculate the remainder when v is divided by 119/14 - 3/2.
6
Calculate the remainder when -1*(0 + 2)/(198/(-39303)) is divided by 90.
37
Suppose o - 295 = g, 1135 = -3*g - g - 5*o. Let l = g + 333. Suppose 0 = 2*m - 17 - 5. What is the remainder when l is divided by m?
10
Let i = -6991 - -7031. Calculate the remainder when i is divided by 18.
4
Suppose 3*z = 3*j + 84 + 738, 543 = 2*z - j. What is the remainder when z is divided by (-338)/(-21) - 50/525?
13
Let l(f) = 11*f**2 - 32*f - 6. What is the remainder when l(-4) is divided by 74?
2
Suppose -2233*r + 3213 = -2212*r. What is the remainder when 18051 is divided by r?
150
Let z = 6995 + -6719. What is the remainder when z is divided by 88?
12
Let s = 2368 + -2256. Calculate the remainder when 129 is divided by s.
17
Let x(w) = 29*w - 9. Let s be x(8). Suppose -718 = -11*y - s. What is the remainder when 357 is divided by y?
42
Let y(m) = 25*m**2 - 17*m + 16. Let g be y(5). Let u = -546 + g. What is the remainder when 37 is divided by u?
7
Let q(j) = -35*j - 102. Let n = 439 + -291. Suppose 2*w - n = -2*w. What is the remainder when q(-5) is divided by w?
36
Suppose -p - 106 = -4*n, -3*n + 2*p - 58 = 